g and 6?
2
Let a(f) = 110*f**2 + 8*f + 13. Let r be a(-2). Calculate the highest common divisor of r and 38.
19
Let j = 258 - 251. What is the highest common factor of j and 28?
7
Let f = -148 + 323. Calculate the greatest common divisor of 100 and f.
25
Suppose 0 = 16*y + 1176 - 344. Let z(x) = 74*x**3 + x - 1. Let h be z(1). Let u = y + h. Calculate the greatest common factor of 11 and u.
11
Let r be 171*(-4 - -6)/(1/1). What is the greatest common factor of r and 9?
9
Suppose 4*o - 18 + 2 = 0. Suppose o*d - 3*h + 118 = 0, 5*d + 68 = 3*d - 3*h. Let y = -23 - d. Calculate the highest common factor of 8 and y.
8
Let h(x) = -x**3 + 25*x**2 + 32*x - 92. Let l be h(26). Calculate the highest common factor of 576 and l.
64
Let x be 11350/12 + 2/12. What is the greatest common divisor of 172 and x?
86
Let x be (-24)/(-32) + 61/4. Let i be ((-1344)/72)/((-2)/6). Calculate the greatest common factor of i and x.
8
Let v = -229 - -343. Calculate the highest common factor of 38 and v.
38
Suppose 0 = -13*d + 18*d - 110. What is the greatest common divisor of d and 121?
11
Let d be 6/(-15)*(-5 - 5). Suppose -45 = -3*z + 2*k + 27, -24 = -z + d*k. Calculate the greatest common divisor of 168 and z.
24
Let p be (-12)/3 + 7 - 4. Let s be (-29 - -22)*(0 + p). What is the greatest common divisor of 21 and s?
7
Let s = 175 + -151. What is the greatest common divisor of s and 30?
6
Let r = 569 + -557. Let h(v) = 0*v + 6 - v - 2*v. Let x be h(-8). What is the greatest common divisor of x and r?
6
Let j(f) = 2*f + 5. Let p = -25 - -27. Let n be j(p). What is the greatest common factor of 63 and n?
9
Let u(s) = s**2 + 31*s + 128. Let h be u(-27). What is the highest common factor of h and 290?
10
Let w be ((-5)/(-3))/((-10)/(-30)). Suppose b = -2, -2*b - 2*b + 37 = w*k. Calculate the greatest common divisor of 45 and k.
9
Suppose 2*p + 0*p = -5*b + 15, -3*b + 9 = 2*p. Let m(l) = 2*l - 6. Let f be m(p). Let t = 2 - f. What is the greatest common factor of 16 and t?
8
Let f be 30 - (0 + 10/(-2)). Let i = 38 - f. Calculate the highest common divisor of 1 and i.
1
Let v = 47 - 23. Let o(w) be the first derivative of -w**4/4 + w**3/3 + w**2/2 + 36*w + 2. Let i be o(0). What is the greatest common divisor of v and i?
12
Suppose -2*s = 3*s - 735. Let w(l) = -6*l - 19. Let t be w(-4). Suppose 3*b + t*o = 83, -2*b + o - 67 = -5*b. Calculate the highest common divisor of s and b.
21
Suppose 0 = 193*q - 190*q - 69. Calculate the greatest common divisor of q and 529.
23
Let a be 2 + -4 + 2*-2. Let l be (-2*5/10)/(1/(-2)). Let x be 54/3 + a/l. Calculate the greatest common divisor of x and 6.
3
Let v(k) = 7*k - 1. Let r be v(2). Let z(x) = -x**3 - 36*x**2 + 90*x + 1974. Let n be z(-37). Calculate the highest common factor of r and n.
13
Let h be 101 + -110 - (-255 + -1). Calculate the highest common factor of 13 and h.
13
Let s be -1 - (-4325)/11 - 26/143. What is the greatest common divisor of 56 and s?
56
Let a(v) = 34*v**2 - 6*v - 5. Suppose 0 = -6*z - 18. Let m be a(z). Calculate the greatest common factor of m and 29.
29
Let k = 463 + -387. Calculate the greatest common divisor of 19 and k.
19
Suppose -279*p - 7992 = -287*p. Calculate the highest common factor of p and 27.
27
Let p(x) = x - 2. Let n be p(6). Suppose -q + 2 = 0, n*q + 404 = -3*d + 8*q. Let l be ((-1)/3)/(4/d). What is the highest common divisor of l and 33?
11
Let j = -997 - -1015. Suppose h - 2*t - 44 = -h, 0 = 3*h - t - 70. What is the greatest common factor of h and j?
6
Let t = 95 + -87. Let y(x) = -2*x + 2. Let u(q) = -q**3 - q**2 + q - 3. Let r be u(0). Let j be y(r). What is the greatest common divisor of t and j?
8
Suppose -11*u + 8*u = -990. Suppose 966 + u = 6*q. What is the greatest common factor of 27 and q?
27
Let t(j) = 2*j - 8. Suppose -2*v - 38 = -4*h, h - v = 3 + 9. Let z be t(h). What is the greatest common factor of z and 18?
6
Let l = -266 - -294. What is the highest common divisor of 133 and l?
7
Suppose 4*t - 136 - 64 = 0. Let x = -935 - -1060. What is the highest common divisor of x and t?
25
Let i be 1*34 + 3/3. Let k be 2/((-3)/6 - -1). Suppose 0 = -m - k, -2*n - 15 = -n + 5*m. What is the highest common factor of i and n?
5
Let c = -9 - -14. Suppose -4 = -3*h + c. Suppose 0*z + h*z = -4*u + 82, -2*z = 4. What is the greatest common divisor of u and 2?
2
Let k be (-143)/(-132)*20 + 2/6. Calculate the greatest common factor of k and 77.
11
Let o(q) = 11*q - 210. Let i be o(20). Calculate the greatest common factor of i and 1370.
10
Suppose 73 - 325 = -18*s. What is the greatest common divisor of s and 42?
14
Let i = 56 - 53. Suppose -5*b = f - 328, -i*b - 4*f = 2*b - 337. What is the highest common divisor of b and 39?
13
Let t = 2 + -12. Let j = -2 - t. Calculate the highest common divisor of 12 and j.
4
Let t be (-2 - 89)/(0 - 1). Let z be (-1)/(2*(-4 + 103/26)). Calculate the greatest common divisor of t and z.
13
Suppose -4*y + 214 = -214. Let m = -103 + y. What is the greatest common divisor of m and 10?
2
Let d(g) = g**3 + 6*g**2 + 6*g - 8. Let f be d(-4). Let a = -86 - -45. Let k be f - a - (-4 + 7). Calculate the greatest common divisor of 57 and k.
19
Let s(j) = -2*j**3 + 11*j**2 + 23*j - 84. Let l be s(4). Let m = -42 - -70. What is the highest common factor of l and m?
28
Let z = -762 - -1278. Calculate the highest common factor of z and 12.
12
Let u(s) = s**2 - 6*s + 3. Let o be u(5). Let t = 16 + o. Calculate the highest common divisor of 154 and t.
14
Suppose 14*u - 18*u + 16 = 0. Let v(q) = q**2 - 6*q + 1. Let n be v(5). Let z = n - -8. What is the greatest common divisor of z and u?
4
Let i(n) = -n + 15. Let q be i(0). Suppose 5*z = 7*z + 6*m, -2*z + 4*m = -50. What is the greatest common divisor of z and q?
15
Let h(z) = -z**3 - 24*z**2 - 49*z + 15. Let a be h(-22). What is the greatest common divisor of 5 and a?
5
Suppose 0 = -11*y + 3*y + 424. What is the highest common factor of y and 212?
53
Let t = 1842 - 1494. What is the greatest common factor of t and 290?
58
Suppose -48*f = -46*f - 32. Calculate the greatest common factor of f and 296.
8
Suppose 4*m + 107 = r, 3*r = r - 4*m + 190. Calculate the greatest common factor of r and 462.
33
Let a = 993 + -919. What is the greatest common factor of 1850 and a?
74
Let r = 37 - 20. Suppose 0 = -2*h + r + 13. Suppose -3 = u - 33. Calculate the highest common divisor of h and u.
15
Suppose 12*q = 9*q + 15. Suppose 0 = 5*p - k - 101, 0*k = -q*p + 3*k + 103. What is the highest common factor of 5 and p?
5
Let k be 2306/14 + (-66)/(-231). Calculate the highest common factor of 55 and k.
55
Let u be 166/10 + (-18)/30. Let i be (-5)/(-20) - (-414)/8. Let s = 28 + i. What is the greatest common factor of u and s?
16
Suppose 52 = -l + 16. Let f = l + 58. Let m(q) = q**2 - 7*q + 14. Let j be m(10). What is the highest common factor of f and j?
22
Let p = -74 + 110. What is the highest common divisor of p and 48?
12
Let u = 71 - 32. Let m = u - 12. Let w = m + -19. What is the highest common factor of 88 and w?
8
Let n be 3/12 + (-94)/(-8). Let u = 42 - 119. Let g = u + 125. Calculate the greatest common factor of n and g.
12
Let u be 3/(-6) - (-82)/4. Suppose 35*r = 50*r - 600. What is the greatest common factor of r and u?
20
Let v(t) = -t**3 - 3*t**2 - 3*t. Let x be v(-2). Let k be (-10 - (x - 0))/(-2). What is the highest common divisor of 6 and k?
6
Let x = -16 - -37. Let u = 1641 - 1634. Calculate the greatest common divisor of u and x.
7
Suppose 0 = -25*o + 36*o - 12529. What is the highest common divisor of 67 and o?
67
Suppose 1544 - 374 = 6*v. Let r = v + -20. Calculate the greatest common factor of 25 and r.
25
Suppose 0 = 5*k - k - 16, 5*k = -2*d + 8. Let g(t) = -5*t**2 + 29 - 7 - 23 - t**3. Let j be g(d). What is the highest common factor of j and 7?
7
Suppose 2*v = r - 384, -131 + 931 = 2*r + 4*v. What is the greatest common factor of r and 49?
49
Let a(p) = -2*p**3 - 79*p**2 + 40*p + 50. Let g be a(-40). Calculate the highest common factor of 10 and g.
10
Let u = 179 - 3. Suppose 0 = -25*x + 29*x - u. What is the greatest common divisor of 44 and x?
44
Suppose -5 = 25*f - 26*f. Suppose 0 = -2*o - f*n + 165, 2*o - 2*n - 2*n = 138. What is the highest common factor of 15 and o?
15
Suppose 0 = -2*f - n + 76, -2*f